{"id":17525,"date":"2025-06-09T11:32:00","date_gmt":"2025-06-09T09:32:00","guid":{"rendered":"https:\/\/nuernberg.dakd.de\/?post_type=tribe_events&#038;p=17525"},"modified":"2025-06-09T11:36:20","modified_gmt":"2025-06-09T09:36:20","slug":"galaabend","status":"publish","type":"tribe_events","link":"https:\/\/nuernberg.dakd.de\/am\/gvk\/galaabend\/","title":{"rendered":"Galaabend"},"content":{"rendered":"<p>Galaabend anl\u00e4sslich der 45. Jubil\u00e4um der Gr\u00fcndung der Armenischen Gemeinde in N\u00fcrnberg und<br \/>\n10. Jubil\u00e4um der Gr\u00fcndung des Fu\u00dfballteams der Gemeinde.<\/p>\n<p>Adresse: Eventhalle, Gartenstadt, Buchenschlag 1, 90469 N\u00fcrnberg.<\/p>\n<p>\u0540\u0561\u0576\u0564\u056b\u057d\u0561\u0582\u0578\u0580 \u056d\u0580\u0561\u056d\u0573\u0561\u0576\u0584\u056b \u0565\u0580\u0565\u056f\u0578\u0575\u055d \u0546\u056b\u0582\u0580\u0576\u057a\u0567\u0580\u056f\u056b \u0540\u0561\u0575 \u0540\u0561\u0574\u0561\u0575\u0576\u0584\u056b \u0570\u056b\u0574\u0576\u0561\u0564\u0580\u0578\u0582\u0569\u0565\u0561\u0576 45-\u0561\u0574\u0565\u0561\u056f\u056b \u0565\u0582 \u0540\u0561\u0574\u0561\u0575\u0576\u0584\u056b \u0548\u057f\u0576\u0561\u0563\u0576\u0564\u0561\u056f\u056b (\u0586\u0578\u0582\u057f\u0562\u0578\u056c\u056b) \u056d\u0578\u0582\u0574\u0562\u056b \u0570\u056b\u0574\u0576\u0561\u0564\u0580\u0578\u0582\u0569\u0565\u0561\u0576 10-\u0561\u0574\u0565\u0561\u056f\u056b \u056f\u0561\u057a\u0561\u056f\u0581\u0578\u0582\u0569\u0575\u0561\u0574\u0562.<\/p>\n<p>\u0540\u0561\u057d\u0581\u0567\u055d Eventhalle, Gartenstadt, Buchenschlag 1, 90469 N\u00fcrnberg<\/p>","protected":false},"excerpt":{"rendered":"<p>Galaabend anl\u00e4sslich der 45. Jubil\u00e4um der Gr\u00fcndung der Armenischen Gemeinde  [&#8230;]<\/p>\n","protected":false},"author":12,"featured_media":0,"template":"","meta":{"_tribe_events_status":"","_tribe_events_status_reason":"","footnotes":""},"tags":[],"tribe_events_cat":[],"class_list":["post-17525","tribe_events","type-tribe_events","status-publish","hentry"],"_links":{"self":[{"href":"https:\/\/nuernberg.dakd.de\/am\/wp-json\/wp\/v2\/tribe_events\/17525","targetHints":{"allow":["GET"]}}],"collection":[{"href":"https:\/\/nuernberg.dakd.de\/am\/wp-json\/wp\/v2\/tribe_events"}],"about":[{"href":"https:\/\/nuernberg.dakd.de\/am\/wp-json\/wp\/v2\/types\/tribe_events"}],"author":[{"embeddable":true,"href":"https:\/\/nuernberg.dakd.de\/am\/wp-json\/wp\/v2\/users\/12"}],"version-history":[{"count":1,"href":"https:\/\/nuernberg.dakd.de\/am\/wp-json\/wp\/v2\/tribe_events\/17525\/revisions"}],"predecessor-version":[{"id":17528,"href":"https:\/\/nuernberg.dakd.de\/am\/wp-json\/wp\/v2\/tribe_events\/17525\/revisions\/17528"}],"wp:attachment":[{"href":"https:\/\/nuernberg.dakd.de\/am\/wp-json\/wp\/v2\/media?parent=17525"}],"wp:term":[{"taxonomy":"post_tag","embeddable":true,"href":"https:\/\/nuernberg.dakd.de\/am\/wp-json\/wp\/v2\/tags?post=17525"},{"taxonomy":"tribe_events_cat","embeddable":true,"href":"https:\/\/nuernberg.dakd.de\/am\/wp-json\/wp\/v2\/tribe_events_cat?post=17525"}],"curies":[{"name":"wp","href":"https:\/\/api.w.org\/{rel}","templated":true}]}}

<p>Galaabend anlässlich der 45. Jubiläum der Gründung der Armenischen Gemeinde in Nürnberg und<br />
10. Jubiläum der Gründung des Fußballteams der Gemeinde.</p>
<p>Adresse: Eventhalle, Gartenstadt, Buchenschlag 1, 90469 Nürnberg.</p>
<p>Հանդիսաւոր խրախճանքի երեկոյ՝ Նիւրնպէրկի Հայ Համայնքի հիմնադրութեան 45-ամեակի եւ Համայնքի Ոտնագնդակի (ֆուտբոլի) խումբի հիմնադրութեան 10-ամեակի կապակցությամբ.</p>
<p>Հասցէ՝ Eventhalle, Gartenstadt, Buchenschlag 1, 90469 Nürnberg</p>

<p>Galaabend anlässlich der 45. Jubiläum der Gründung der Armenischen Gemeinde  [&#8230;]</p>
